tor of 356590 and 5915?
845
Calculate the highest common divisor of 33714 and 11.
1
Calculate the greatest common divisor of 3750860 and 580.
580
What is the highest common factor of 16678 and 3968?
62
Calculate the greatest common divisor of 15 and 1112415.
15
Calculate the highest common divisor of 204 and 686076.
12
Calculate the greatest common factor of 1110 and 6735.
15
Calculate the greatest common factor of 400320 and 139.
139
What is the greatest common divisor of 273 and 71799?
273
What is the greatest common divisor of 1232 and 423577?
77
What is the greatest common factor of 160968 and 76?
76
Calculate the greatest common divisor of 71250 and 1750.
250
What is the highest common factor of 26012 and 196?
28
What is the greatest common factor of 846 and 10011?
141
What is the highest common factor of 7028 and 392?
28
Calculate the greatest common divisor of 8 and 78872.
8
What is the greatest common divisor of 999 and 1021533?
111
Calculate the highest common divisor of 5066590 and 1450.
290
Calculate the highest common factor of 257180 and 6336.
44
Calculate the greatest common factor of 17821 and 710.
71
Calculate the highest common factor of 1073 and 2465.
29
Calculate the greatest common divisor of 1056 and 131142.
66
What is the highest common divisor of 149 and 183419?
149
Calculate the highest common factor of 920 and 115450.
10
Calculate the greatest common divisor of 52 and 139854.
26
What is the highest common divisor of 10381 and 56?
7
What is the greatest common factor of 61960 and 64?
8
Calculate the highest common factor of 10865 and 59095.
265
What is the highest common divisor of 1806 and 38958?
258
What is the greatest common divisor of 24 and 172308?
12
What is the greatest common divisor of 119 and 6167?
7
Calculate the highest common divisor of 14238 and 5778.
18
What is the greatest common factor of 3704 and 2?
2
What is the greatest common divisor of 4 and 2742?
2
What is the highest common divisor of 19 and 4040065?
19
Calculate the highest common divisor of 386 and 1871521.
193
Calculate the highest common factor of 3135 and 2451.
57
Calculate the highest common factor of 10732 and 8.
4
What is the greatest common factor of 2988786 and 222?
222
What is the highest common factor of 11572 and 5038?
22
Calculate the greatest common divisor of 1696971 and 257.
257
What is the greatest common factor of 116622 and 38?
38
What is the greatest common factor of 15510 and 1650?
330
Calculate the highest common factor of 6334397 and 89.
89
What is the highest common divisor of 12740 and 103675?
65
What is the greatest common divisor of 36 and 7983?
9
What is the highest common factor of 173835 and 45?
45
Calculate the greatest common divisor of 128 and 107884.
4
What is the greatest common factor of 55777 and 386?
193
What is the greatest common divisor of 87381 and 175959?
1197
What is the highest common divisor of 15409 and 2603?
19
What is the greatest common divisor of 329 and 478037?
329
Calculate the greatest common divisor of 97660 and 57825.
1285
Calculate the greatest common divisor of 107100 and 9.
9
Calculate the greatest common factor of 255 and 152626.
17
Calculate the highest common divisor of 712 and 116412.
356
What is the greatest common divisor of 851 and 4899?
23
What is the highest common factor of 343966 and 869?
79
What is the greatest common factor of 565 and 657886?
113
What is the greatest common factor of 13459883 and 349?
349
What is the highest common factor of 530 and 23956?
106
Calculate the highest common divisor of 23 and 313076.
23
What is the highest common divisor of 2081050 and 100?
50
Calculate the greatest common divisor of 1980 and 67980.
660
What is the greatest common divisor of 49334 and 34?
34
Calculate the greatest common divisor of 493 and 8484037.
493
What is the greatest common divisor of 107261 and 3781?
199
What is the greatest common divisor of 684 and 13509?
171
What is the greatest common factor of 752 and 1737872?
752
What is the greatest common divisor of 50537 and 1358?
97
What is the highest common divisor of 5912 and 9496?
8
What is the greatest common divisor of 12 and 312036?
12
Calculate the highest common factor of 4401 and 32111.
163
Calculate the highest common factor of 480 and 40970.
10
Calculate the highest common factor of 4130377 and 2708.
677
Calculate the highest common factor of 195264 and 128.
64
Calculate the highest common divisor of 3408 and 27903.
213
What is the highest common factor of 48 and 660?
12
Calculate the highest common factor of 28765 and 15.
5
Calculate the highest common factor of 14308 and 1666.
98
What is the greatest common divisor of 12 and 597?
3
Calculate the greatest common divisor of 177821 and 8977.
191
What is the greatest common divisor of 251 and 105169?
251
Calculate the highest common factor of 153 and 226321.
17
What is the greatest common factor of 1595 and 1485?
55
Calculate the highest common divisor of 636 and 3552.
12
Calculate the highest common factor of 267 and 1198919.
89
Calculate the greatest common factor of 300335 and 35.
35
Calculate the highest common divisor of 44948 and 7752.
68
What is the highest common factor of 16335 and 2057?
121
Calculate the highest common factor of 8271 and 90.
9
What is the greatest common divisor of 115 and 398935?
115
What is the highest common factor of 205744 and 1120?
112
What is the greatest common divisor of 553548 and 204?
12
Calculate the greatest common factor of 2151 and 1673.
239
Calculate the greatest common factor of 54140 and 20.
20
Calculate the greatest common divisor of 298595 and 122.
61
Calculate the greatest common factor of 74 and 1438634.
74
What is the greatest common factor of 316 and 544626?
158
Calculate the greatest common divisor of 34 and 466786.
34
Calculate the highest common divisor of 1976 and 56.
8
What is the highest common divisor of 644 and 8633786?
322
What is the greatest common divisor of 520 and 420320?
40
What is the greatest common factor of 5026 and 104828?
718
What is the greatest common factor of 1220 and 7420?
20
Calculate the highest common factor of 1534 and 130.
26
What is the highest common factor of 7954 and 36666?
194
Calculate the greatest common factor of 1535985 and 3210.
1605
Calculate the highest common divisor of 92 and 4084.
4
Calculate the highest common factor of 40 and 15590.
10
What is the greatest common factor of 224 and 4109?
7
What is the highest common divisor of 666 and 640026?
666
What is the greatest common divisor of 2259 and 26104?
251
What is the greatest common factor of 56 and 920?
8
What is the highest common factor of 352 and 176044?
44
What is the highest common factor of 28 and 54336?
4
Calculate the highest common factor of 450 and 493010.
10
Calculate the highest common divisor of 517 and 3674.
11
What is the greatest common divisor of 1613684 and 4254?
1418
Calculate the highest common factor of 15387 and 35234.
223
What is the highest common divisor of 105 and 2675?
5
Calculate the highest common factor of 2340 and 8112.
156
What is the greatest common divisor of 752 and 42206?
94
What is the greatest common factor of 8 and 4532552?
8
Calculate the highest common factor of 108 and 18812.
4
What is the greatest common factor of 835 and 3235?
5
What is the greatest common factor of 3651 and 27?
3
What is the highest common factor of 9328 and 7920?
176
Calculate the highest common divisor of 1841 and 8008.
7
What is the greatest common divisor of 5432 and 180808?
776
Calculate the highest common divisor of 680 and 93800.
40
Calculate the greatest common divisor of 201 and 807.
3
What is the highest common divisor of 26 and 320242?
26
What is the highest common factor of 426 and 59498?
142
What is the highest common factor of 12832 and 2656?
32
What is the greatest common factor of 2308 and 201373?
577
What is the greatest common factor of 746 and 188365?
373
What is the highest common divisor of 13500143 and 178?
89
Calculate the greatest common divisor of 2470 and 4030.
130
What is the highest common factor of 2 and 3673?
1
What is the greatest common divisor of 834 and 18?
6
What is the greatest common divisor of 10540 and 32860?
620
Calculate the greatest common divisor of 30086 and 980